{"id":553,"date":"2018-01-21T14:27:43","date_gmt":"2018-01-21T13:27:43","guid":{"rendered":"https:\/\/connysdesign.de\/?page_id=553"},"modified":"2025-08-30T15:52:41","modified_gmt":"2025-08-30T13:52:41","slug":"bewerbungen","status":"publish","type":"page","link":"https:\/\/connysdesign.de\/?page_id=553","title":{"rendered":"Bewerbungen"},"content":{"rendered":"<h2>Was passiert auf der Arbeitgeberseite?<\/h2>\n<p>Analyse des Personalbedarfs<\/p>\n<p>anforderungsgerechte Personalrecherche<\/p>\n<p>professionelle Bewerberauswahl<\/p>\n<h2>Eine Bewerbung sollte gut vorbereitet sein!<\/h2>\n<p>bedarfsorientierte Stellensuche<\/p>\n<p>professionelle Bewerbungen<\/p>\n<p>trainiertes Vorstellungsgespr\u00e4ch<\/p>\n<h2>Was muss der Bewerber wissen?<\/h2>\n<p>Aussagekr\u00e4ftige Unterlagen sind der Schl\u00fcssel zum Erfolg!<\/p>\n<p>Es geht um Sie: Ihre Fertigkeiten und Ihre Kenntnisse!<\/p>\n<p>Beweisen Sie sich als guter Teamplayer!<\/p>\n<p>Zielorientierte Anschreiben sind der Schl\u00fcssel zum pers\u00f6nlichen Gespr\u00e4ch.<\/p>\n<p>WAS habe ich alles gelernt?<br \/>\nWAS habe ich bisher alles gearbeitet?<br \/>\nWAS kann ich am besten?<br \/>\nWAS mache ich am liebsten?<br \/>\nWAS will ich arbeiten?<\/p>\n<h2>Ihr Anliegen als Bewerber?<\/h2>\n<p>Ein langfristiges Arbeitsverh\u00e4ltnis!<\/p>\n<h2>Der Anspruch eines jeden Unternehmens?<\/h2>\n<p>St\u00e4rke durch motiviertes, qualifiziertes Personal!<\/p>\n<h3>Selbstbewusstsein<br \/>\ndurch kreative Bewerbungen<br \/>\nerh\u00f6ht die Chance auf Erfolg!<\/h3>\n<h1>PDF download free<\/h1>\n<h5><a href=\"https:\/\/connysdesign.de\/bewerbungen\/muster_briefkopf.pdf\" target=\"_blank\" rel=\"noopener\">Muster Briefkopf<\/a><\/h5>\n<h5><a href=\"https:\/\/connysdesign.de\/bewerbungen\/muster_flyer_s01.pdf\" target=\"_blank\" rel=\"noopener\">Muster Flyer Au\u00dfenseite<\/a><\/h5>\n<h5><a href=\"https:\/\/connysdesign.de\/bewerbungen\/muster_flyer_s02.pdf\" target=\"_blank\" rel=\"noopener\">Muster Flyer Innenseite<\/a><\/h5>\n<h5><a href=\"https:\/\/connysdesign.de\/bewerbungen\/briefkopf.pdf\" target=\"_blank\" rel=\"noopener\">Briefkopf<\/a><\/h5>\n<h5><a href=\"https:\/\/connysdesign.de\/bewerbungen\/flyer_s01.pdf\" target=\"_blank\" rel=\"noopener\">Flyer Au\u00dfenseite<\/a><\/h5>\n<h5><a href=\"https:\/\/connysdesign.de\/bewerbungen\/flyer_s02.pdf\" target=\"_blank\" rel=\"noopener\">Flyer Innenseite<\/a><\/h5>\n<h5><a href=\"https:\/\/connysdesign.de\/bewerbungen\/deckblatt.pdf\" target=\"_blank\" rel=\"noopener\">Deckblatt<\/a><\/h5>\n<h5><a href=\"https:\/\/connysdesign.de\/bewerbungen\/deckblatt_variante.pdf\" target=\"_blank\" rel=\"noopener\">Deckblatt Variante<\/a><\/h5>\n<h5><a href=\"https:\/\/connysdesign.de\/bewerbungen\/lebenslauf.pdf\" target=\"_blank\" rel=\"noopener\">Lebenslauf<\/a><\/h5>\n<h5><a href=\"https:\/\/connysdesign.de\/bewerbungen\/lebenslauf_variante.pdf\" target=\"_blank\" rel=\"noopener\">Lebenslauf Variante<\/a><\/h5>\n<h5><a href=\"https:\/\/connysdesign.de\/bewerbungen\/lebenslauf_ausland.pdf\" target=\"_blank\" rel=\"noopener\">Lebenslauf Ausland<\/a><\/h5>\n<h5><a href=\"https:\/\/connysdesign.de\/bewerbungen\/lebenslauf_azubi.pdf\" target=\"_blank\" rel=\"noopener\">Lebenslauf Azubi<\/a><\/h5>\n<h5><a href=\"https:\/\/connysdesign.de\/bewerbungen\/arbeitsproben.pdf\" target=\"_blank\" rel=\"noopener\">Arbeitsproben<\/a><\/h5>\n<h5><a href=\"https:\/\/connysdesign.de\/bewerbungen\/zeugnisse.pdf\" target=\"_blank\" rel=\"noopener\">Zeugnisse<\/a><\/h5>\n<h5><a href=\"https:\/\/connysdesign.de\/bewerbungen\/zeugnisbelege.pdf\" target=\"_blank\" rel=\"noopener\">Zeugnisbelege<\/a><\/h5>\n<h5><a href=\"https:\/\/connysdesign.de\/bewerbungen\/danke.pdf\" target=\"_blank\" rel=\"noopener\">Danke<\/a><\/h5>\n<h2>Preise<\/h2>\n<p>pers\u00f6nliche Beratung<br \/>\n70,00 \u20ac \/ Stunde<\/p>\n<p>Lebenslauf\/Anschreiben digital<br \/>\nab 150,00 \u20ac<\/p>\n<p><a href=\"http:\/\/adresse.gelbeseiten.de\/162004801747\/rinne-cornelia\/worms\/innenstadt#\" target=\"_blank\" rel=\"noopener\">INFO Telefon 06241\/27114<\/a><\/p>\n","protected":false},"excerpt":{"rendered":"<p>Was passiert auf der Arbeitgeberseite? Analyse des Personalbedarfs anforderungsgerechte Personalrecherche professionelle Bewerberauswahl Eine Bewerbung sollte gut vorbereitet sein! bedarfsorientierte Stellensuche professionelle Bewerbungen trainiertes Vorstellungsgespr\u00e4ch Was muss der Bewerber wissen? Aussagekr\u00e4ftige Unterlagen sind der Schl\u00fcssel zum Erfolg! Es geht um Sie: Ihre Fertigkeiten und Ihre Kenntnisse! Beweisen Sie sich als guter Teamplayer! Zielorientierte Anschreiben sind der &hellip; <\/p>\n<p class=\"link-more\"><a href=\"https:\/\/connysdesign.de\/?page_id=553\" class=\"more-link\"><span class=\"screen-reader-text\">\u201eBewerbungen\u201c<\/span> weiterlesen<\/a><\/p>\n","protected":false},"author":1,"featured_media":0,"parent":0,"menu_order":0,"comment_status":"closed","ping_status":"closed","template":"","meta":{"footnotes":""},"class_list":["post-553","page","type-page","status-publish","hentry"],"yoast_head":"<!-- This site is optimized with the Yoast SEO plugin v27.0 - https:\/\/yoast.com\/product\/yoast-seo-wordpress\/ -->\n<title>Bewerbungen - Connys Webdesign<\/title>\n<meta name=\"robots\" content=\"index, follow, max-snippet:-1, max-image-preview:large, max-video-preview:-1\" \/>\n<link rel=\"canonical\" href=\"https:\/\/connysdesign.de\/?page_id=553\" \/>\n<meta property=\"og:locale\" content=\"de_DE\" \/>\n<meta property=\"og:type\" content=\"article\" \/>\n<meta property=\"og:title\" content=\"Bewerbungen - Connys Webdesign\" \/>\n<meta property=\"og:description\" content=\"Was passiert auf der Arbeitgeberseite? Analyse des Personalbedarfs anforderungsgerechte Personalrecherche professionelle Bewerberauswahl Eine Bewerbung sollte gut vorbereitet sein! bedarfsorientierte Stellensuche professionelle Bewerbungen trainiertes Vorstellungsgespr\u00e4ch Was muss der Bewerber wissen? Aussagekr\u00e4ftige Unterlagen sind der Schl\u00fcssel zum Erfolg! Es geht um Sie: Ihre Fertigkeiten und Ihre Kenntnisse! Beweisen Sie sich als guter Teamplayer! Zielorientierte Anschreiben sind der &hellip; \u201eBewerbungen\u201c weiterlesen\" \/>\n<meta property=\"og:url\" content=\"https:\/\/connysdesign.de\/?page_id=553\" \/>\n<meta property=\"og:site_name\" content=\"Connys Webdesign\" \/>\n<meta property=\"article:publisher\" content=\"https:\/\/www.facebook.com\/?ref=tn_tnmn\" \/>\n<meta property=\"article:modified_time\" content=\"2025-08-30T13:52:41+00:00\" \/>\n<meta name=\"twitter:card\" content=\"summary_large_image\" \/>\n<meta name=\"twitter:label1\" content=\"Gesch\u00e4tzte Lesezeit\" \/>\n\t<meta name=\"twitter:data1\" content=\"1\u00a0Minute\" \/>\n<script type=\"application\/ld+json\" class=\"yoast-schema-graph\">{\"@context\":\"https:\/\/schema.org\",\"@graph\":[{\"@type\":\"WebPage\",\"@id\":\"https:\/\/connysdesign.de\/?page_id=553\",\"url\":\"https:\/\/connysdesign.de\/?page_id=553\",\"name\":\"Bewerbungen - Connys Webdesign\",\"isPartOf\":{\"@id\":\"https:\/\/connysdesign.de\/#website\"},\"datePublished\":\"2018-01-21T13:27:43+00:00\",\"dateModified\":\"2025-08-30T13:52:41+00:00\",\"breadcrumb\":{\"@id\":\"https:\/\/connysdesign.de\/?page_id=553#breadcrumb\"},\"inLanguage\":\"de\",\"potentialAction\":[{\"@type\":\"ReadAction\",\"target\":[\"https:\/\/connysdesign.de\/?page_id=553\"]}]},{\"@type\":\"BreadcrumbList\",\"@id\":\"https:\/\/connysdesign.de\/?page_id=553#breadcrumb\",\"itemListElement\":[{\"@type\":\"ListItem\",\"position\":1,\"name\":\"Startseite\",\"item\":\"https:\/\/connysdesign.de\/\"},{\"@type\":\"ListItem\",\"position\":2,\"name\":\"Bewerbungen\"}]},{\"@type\":\"WebSite\",\"@id\":\"https:\/\/connysdesign.de\/#website\",\"url\":\"https:\/\/connysdesign.de\/\",\"name\":\"Connys Webdesign\",\"description\":\"Homepage modern und schnell\",\"publisher\":{\"@id\":\"https:\/\/connysdesign.de\/#organization\"},\"potentialAction\":[{\"@type\":\"SearchAction\",\"target\":{\"@type\":\"EntryPoint\",\"urlTemplate\":\"https:\/\/connysdesign.de\/?s={search_term_string}\"},\"query-input\":{\"@type\":\"PropertyValueSpecification\",\"valueRequired\":true,\"valueName\":\"search_term_string\"}}],\"inLanguage\":\"de\"},{\"@type\":\"Organization\",\"@id\":\"https:\/\/connysdesign.de\/#organization\",\"name\":\"Connys Webdesign\",\"url\":\"https:\/\/connysdesign.de\/\",\"logo\":{\"@type\":\"ImageObject\",\"inLanguage\":\"de\",\"@id\":\"https:\/\/connysdesign.de\/#\/schema\/logo\/image\/\",\"url\":\"https:\/\/connysdesign.de\/wp-content\/uploads\/2017\/04\/customer_app.jpg\",\"contentUrl\":\"https:\/\/connysdesign.de\/wp-content\/uploads\/2017\/04\/customer_app.jpg\",\"width\":554,\"height\":554,\"caption\":\"Connys Webdesign\"},\"image\":{\"@id\":\"https:\/\/connysdesign.de\/#\/schema\/logo\/image\/\"},\"sameAs\":[\"https:\/\/www.facebook.com\/?ref=tn_tnmn\"]}]}<\/script>\n<!-- \/ Yoast SEO plugin. -->","yoast_head_json":{"title":"Bewerbungen - Connys Webdesign","robots":{"index":"index","follow":"follow","max-snippet":"max-snippet:-1","max-image-preview":"max-image-preview:large","max-video-preview":"max-video-preview:-1"},"canonical":"https:\/\/connysdesign.de\/?page_id=553","og_locale":"de_DE","og_type":"article","og_title":"Bewerbungen - Connys Webdesign","og_description":"Was passiert auf der Arbeitgeberseite? Analyse des Personalbedarfs anforderungsgerechte Personalrecherche professionelle Bewerberauswahl Eine Bewerbung sollte gut vorbereitet sein! bedarfsorientierte Stellensuche professionelle Bewerbungen trainiertes Vorstellungsgespr\u00e4ch Was muss der Bewerber wissen? Aussagekr\u00e4ftige Unterlagen sind der Schl\u00fcssel zum Erfolg! Es geht um Sie: Ihre Fertigkeiten und Ihre Kenntnisse! Beweisen Sie sich als guter Teamplayer! Zielorientierte Anschreiben sind der &hellip; \u201eBewerbungen\u201c weiterlesen","og_url":"https:\/\/connysdesign.de\/?page_id=553","og_site_name":"Connys Webdesign","article_publisher":"https:\/\/www.facebook.com\/?ref=tn_tnmn","article_modified_time":"2025-08-30T13:52:41+00:00","twitter_card":"summary_large_image","twitter_misc":{"Gesch\u00e4tzte Lesezeit":"1\u00a0Minute"},"schema":{"@context":"https:\/\/schema.org","@graph":[{"@type":"WebPage","@id":"https:\/\/connysdesign.de\/?page_id=553","url":"https:\/\/connysdesign.de\/?page_id=553","name":"Bewerbungen - Connys Webdesign","isPartOf":{"@id":"https:\/\/connysdesign.de\/#website"},"datePublished":"2018-01-21T13:27:43+00:00","dateModified":"2025-08-30T13:52:41+00:00","breadcrumb":{"@id":"https:\/\/connysdesign.de\/?page_id=553#breadcrumb"},"inLanguage":"de","potentialAction":[{"@type":"ReadAction","target":["https:\/\/connysdesign.de\/?page_id=553"]}]},{"@type":"BreadcrumbList","@id":"https:\/\/connysdesign.de\/?page_id=553#breadcrumb","itemListElement":[{"@type":"ListItem","position":1,"name":"Startseite","item":"https:\/\/connysdesign.de\/"},{"@type":"ListItem","position":2,"name":"Bewerbungen"}]},{"@type":"WebSite","@id":"https:\/\/connysdesign.de\/#website","url":"https:\/\/connysdesign.de\/","name":"Connys Webdesign","description":"Homepage modern und schnell","publisher":{"@id":"https:\/\/connysdesign.de\/#organization"},"potentialAction":[{"@type":"SearchAction","target":{"@type":"EntryPoint","urlTemplate":"https:\/\/connysdesign.de\/?s={search_term_string}"},"query-input":{"@type":"PropertyValueSpecification","valueRequired":true,"valueName":"search_term_string"}}],"inLanguage":"de"},{"@type":"Organization","@id":"https:\/\/connysdesign.de\/#organization","name":"Connys Webdesign","url":"https:\/\/connysdesign.de\/","logo":{"@type":"ImageObject","inLanguage":"de","@id":"https:\/\/connysdesign.de\/#\/schema\/logo\/image\/","url":"https:\/\/connysdesign.de\/wp-content\/uploads\/2017\/04\/customer_app.jpg","contentUrl":"https:\/\/connysdesign.de\/wp-content\/uploads\/2017\/04\/customer_app.jpg","width":554,"height":554,"caption":"Connys Webdesign"},"image":{"@id":"https:\/\/connysdesign.de\/#\/schema\/logo\/image\/"},"sameAs":["https:\/\/www.facebook.com\/?ref=tn_tnmn"]}]}},"_links":{"self":[{"href":"https:\/\/connysdesign.de\/index.php?rest_route=\/wp\/v2\/pages\/553","targetHints":{"allow":["GET"]}}],"collection":[{"href":"https:\/\/connysdesign.de\/index.php?rest_route=\/wp\/v2\/pages"}],"about":[{"href":"https:\/\/connysdesign.de\/index.php?rest_route=\/wp\/v2\/types\/page"}],"author":[{"embeddable":true,"href":"https:\/\/connysdesign.de\/index.php?rest_route=\/wp\/v2\/users\/1"}],"replies":[{"embeddable":true,"href":"https:\/\/connysdesign.de\/index.php?rest_route=%2Fwp%2Fv2%2Fcomments&post=553"}],"version-history":[{"count":20,"href":"https:\/\/connysdesign.de\/index.php?rest_route=\/wp\/v2\/pages\/553\/revisions"}],"predecessor-version":[{"id":1517,"href":"https:\/\/connysdesign.de\/index.php?rest_route=\/wp\/v2\/pages\/553\/revisions\/1517"}],"wp:attachment":[{"href":"https:\/\/connysdesign.de\/index.php?rest_route=%2Fwp%2Fv2%2Fmedia&parent=553"}],"curies":[{"name":"wp","href":"https:\/\/api.w.org\/{rel}","templated":true}]}}