{"id":49,"date":"2017-04-24T15:25:15","date_gmt":"2017-04-24T15:25:15","guid":{"rendered":"https:\/\/connysdesign.de\/?page_id=49"},"modified":"2020-04-02T15:47:56","modified_gmt":"2020-04-02T13:47:56","slug":"impressum","status":"publish","type":"page","link":"https:\/\/connysdesign.de\/?page_id=49","title":{"rendered":"Impressum"},"content":{"rendered":"<p>C|R Cornelia Rinne<br \/>\nSchreibB\u00fcro<br \/>\nBrauereistra\u00dfe 3<br \/>\nD \u2013 67549 Worms<\/p>\n<p>Telefon 06241-27114<br \/>\nMobiltelefon 0175-5641192<br \/>\nTelefax 06241-27174<br \/>\nEmail<span class=\"Apple-converted-space\">&nbsp;<\/span><em>mail@cornelia-rinne.de<\/em><\/p>\n<p>USt-Id-Nr: DE154424420<br \/>\nab 01.01.2020 Kleinunternehmer gem. \u00a7 19 UStG<\/p>\n<p>B\u00fcrozeiten<br \/>\nDi-Do 13-17h<\/p>\n<p>Termine nur nach Vereinbarung<\/p>\n<p>Paketzustellung bitte \u00fcber:<br \/>\nAdler-Apotheke Worms<br \/>\nInh. Tassilo Strasser<br \/>\nNeumarkt 1<br \/>\nD \u2013 67547 Worms<\/p>\n<h3>Rechtliche Kurzhinweise<\/h3>\n<p>Alles, was RECHT ist, befindet sich detailliert im Dropdownmen\u00fc unter dem Men\u00fcpunkt Recht.<\/p>\n<p>\u00a7 1 Haftungsbeschr\u00e4nkung<\/p>\n<p>F\u00fcr die Inhalte dieser Website wird keine Gew\u00e4hr hinsichtlich Richtigkeit, Vollst\u00e4ndigkeit und Aktualit\u00e4t \u00fcbernommen. Die Nutzung der Website erfolgt auf eigene Gefahr. Namentlich gekennzeichnete Beitr\u00e4ge geben die Meinung des jeweiligen Autors, lassen aber keinerlei R\u00fcckschluss auf die Meinung der Verantwortlichen der Website zu. Mit der reinen Nutzung der Website des Anbieters kommt keinerlei Vertragsverh\u00e4ltnis zwischen dem Nutzer und dem Anbieter zustande.<\/p>\n<p>\u00a7 2 Externe Links<\/p>\n<p>Alle auf dieser Website angebotenen externen Links unterliegen der Haftung der jeweiligen Betreiber. Die Inhalte wurden Bei der erstmaligen Verkn\u00fcpfung auf etwaige Rechtsverst\u00f6\u00dfe gepr\u00fcft. Auf die aktuelle und zuk\u00fcnftige Gestaltung sowie auf die Inhalte der verkn\u00fcpften Seiten kann keine Haftung \u00fcbernommen werden, da eine st\u00e4ndige Kontrolle der externen Links ohne konkrete Hinweise auf Rechtsverst\u00f6\u00dfe nicht zumutbar ist. Bei Kenntnis von Rechtsverst\u00f6\u00dfen werden betroffene externe Links unverz\u00fcglich gel\u00f6scht.<\/p>\n<p>\u00a7 3 Urheber- und Leistungsschutzrechte<\/p>\n<p>Die auf dieser Website ver\u00f6ffentlichten Inhalte unterliegen dem deutschen Urheber- und Leistungsschutzrecht, wodurch jegliche Verwertung wie insbesondere Vervielf\u00e4ltigung, Bearbeitung, \u00dcbersetzung, Einspeicherung, Verarbeitung bzw. Wiedergabe von Inhalten in Datenbanken oder anderen elektronischen Medien und Systemen sowie auch die Darstellung dieser Website in fremden Frames der vorherigen schriftlichen Zustimmung des Urhebers bedarf. Inhalte und Rechte Dritter sind dabei als solche gekennzeichnet.<\/p>\n<p>\u00a7 4 Datenschutz &amp; Nutzungshinweise<\/p>\n<p>Der Schutz pers\u00f6nlicher Daten unterliegt den Regeln der Datenschutzgesetze. Personenbezogene Daten werden auf dieser Website nur im technisch notwendigen Umfang erhoben. In keinem Fall werden die erhobenen Daten verkauft oder aus anderen Gr\u00fcnden an Dritte weitergegeben. F\u00fcr detaillierte Informationen wird auf die Men\u00fcpunkte <a href=\"https:\/\/connysdesign.de\/?page_id=59\">Datenschutz <\/a>und <a href=\"https:\/\/connysdesign.de\/?page_id=61\">Nutzungshinweise <\/a>verwiesen, die im Dropdownmen\u00fc zu Recht liegen.<span class=\"xr_s15\"><span class=\"xr_tl xr_s13\"><br \/>\n<\/span><\/span><\/p>\n<p>\u00a7 5 Abmahnungen<\/p>\n<p>Der Webseitenbetreiber erhebt f\u00fcr jede eingehende Abmahnung eine individuelle Pr\u00fcfgeb\u00fchr in H\u00f6he von mindestens 1.500,00 Euro nebst Anwaltsgeb\u00fchren sowie der Abmahngeb\u00fchr. Der Abmahner erkl\u00e4rt sich bereit, diese Summe nach Eingang der Abmahnung an den Webseitenbetreiber zu zahlen. Ohne Zahlungseingang wird jede Abmahnung als gegenstandslos betrachtet. Au\u00dferdem weist der Webseitenbetreiber den Abmahner ausdr\u00fccklich darauf hin, dass seine Abmahnung ohne Schw\u00e4rzungen im Netz zur Verf\u00fcgung gestellt wird, womit sich der Abmahner durch die die \u00dcbermittlung der Abmahnung einverstanden erkl\u00e4rt. Der Email-Weg wird ausdr\u00fccklich ausgeschlossen.<\/p>\n","protected":false},"excerpt":{"rendered":"<p>C|R Cornelia Rinne SchreibB\u00fcro Brauereistra\u00dfe 3 D \u2013 67549 Worms Telefon 06241-27114 Mobiltelefon 0175-5641192 Telefax 06241-27174 Email&nbsp;mail@cornelia-rinne.de USt-Id-Nr: DE154424420 ab 01.01.2020 Kleinunternehmer gem. \u00a7 19 UStG B\u00fcrozeiten Di-Do 13-17h Termine nur nach Vereinbarung Paketzustellung bitte \u00fcber: Adler-Apotheke Worms Inh. Tassilo Strasser Neumarkt 1 D \u2013 67547 Worms Rechtliche Kurzhinweise Alles, was RECHT ist, befindet sich &hellip; <\/p>\n<p class=\"link-more\"><a href=\"https:\/\/connysdesign.de\/?page_id=49\" class=\"more-link\"><span class=\"screen-reader-text\">\u201eImpressum\u201c<\/span> weiterlesen<\/a><\/p>\n","protected":false},"author":1,"featured_media":0,"parent":0,"menu_order":0,"comment_status":"closed","ping_status":"closed","template":"","meta":{"footnotes":""},"class_list":["post-49","page","type-page","status-publish","hentry"],"yoast_head":"<!-- This site is optimized with the Yoast SEO plugin v27.0 - https:\/\/yoast.com\/product\/yoast-seo-wordpress\/ -->\n<title>Impressum - Connys Webdesign<\/title>\n<meta name=\"robots\" content=\"index, follow, max-snippet:-1, max-image-preview:large, max-video-preview:-1\" \/>\n<link rel=\"canonical\" href=\"https:\/\/connysdesign.de\/?page_id=49\" \/>\n<meta property=\"og:locale\" content=\"de_DE\" \/>\n<meta property=\"og:type\" content=\"article\" \/>\n<meta property=\"og:title\" content=\"Impressum - Connys Webdesign\" \/>\n<meta property=\"og:description\" content=\"C|R Cornelia Rinne SchreibB\u00fcro Brauereistra\u00dfe 3 D \u2013 67549 Worms Telefon 06241-27114 Mobiltelefon 0175-5641192 Telefax 06241-27174 Email&nbsp;mail@cornelia-rinne.de USt-Id-Nr: DE154424420 ab 01.01.2020 Kleinunternehmer gem. \u00a7 19 UStG B\u00fcrozeiten Di-Do 13-17h Termine nur nach Vereinbarung Paketzustellung bitte \u00fcber: Adler-Apotheke Worms Inh. Tassilo Strasser Neumarkt 1 D \u2013 67547 Worms Rechtliche Kurzhinweise Alles, was RECHT ist, befindet sich &hellip; \u201eImpressum\u201c weiterlesen\" \/>\n<meta property=\"og:url\" content=\"https:\/\/connysdesign.de\/?page_id=49\" \/>\n<meta property=\"og:site_name\" content=\"Connys Webdesign\" \/>\n<meta property=\"article:publisher\" content=\"https:\/\/www.facebook.com\/?ref=tn_tnmn\" \/>\n<meta property=\"article:modified_time\" content=\"2020-04-02T13:47:56+00:00\" \/>\n<meta name=\"twitter:card\" content=\"summary_large_image\" \/>\n<meta name=\"twitter:label1\" content=\"Gesch\u00e4tzte Lesezeit\" \/>\n\t<meta name=\"twitter:data1\" content=\"2\u00a0Minuten\" \/>\n<script type=\"application\/ld+json\" class=\"yoast-schema-graph\">{\"@context\":\"https:\/\/schema.org\",\"@graph\":[{\"@type\":\"WebPage\",\"@id\":\"https:\/\/connysdesign.de\/?page_id=49\",\"url\":\"https:\/\/connysdesign.de\/?page_id=49\",\"name\":\"Impressum - Connys Webdesign\",\"isPartOf\":{\"@id\":\"https:\/\/connysdesign.de\/#website\"},\"datePublished\":\"2017-04-24T15:25:15+00:00\",\"dateModified\":\"2020-04-02T13:47:56+00:00\",\"breadcrumb\":{\"@id\":\"https:\/\/connysdesign.de\/?page_id=49#breadcrumb\"},\"inLanguage\":\"de\",\"potentialAction\":[{\"@type\":\"ReadAction\",\"target\":[\"https:\/\/connysdesign.de\/?page_id=49\"]}]},{\"@type\":\"BreadcrumbList\",\"@id\":\"https:\/\/connysdesign.de\/?page_id=49#breadcrumb\",\"itemListElement\":[{\"@type\":\"ListItem\",\"position\":1,\"name\":\"Startseite\",\"item\":\"https:\/\/connysdesign.de\/\"},{\"@type\":\"ListItem\",\"position\":2,\"name\":\"Impressum\"}]},{\"@type\":\"WebSite\",\"@id\":\"https:\/\/connysdesign.de\/#website\",\"url\":\"https:\/\/connysdesign.de\/\",\"name\":\"Connys Webdesign\",\"description\":\"Homepage modern und schnell\",\"publisher\":{\"@id\":\"https:\/\/connysdesign.de\/#organization\"},\"potentialAction\":[{\"@type\":\"SearchAction\",\"target\":{\"@type\":\"EntryPoint\",\"urlTemplate\":\"https:\/\/connysdesign.de\/?s={search_term_string}\"},\"query-input\":{\"@type\":\"PropertyValueSpecification\",\"valueRequired\":true,\"valueName\":\"search_term_string\"}}],\"inLanguage\":\"de\"},{\"@type\":\"Organization\",\"@id\":\"https:\/\/connysdesign.de\/#organization\",\"name\":\"Connys Webdesign\",\"url\":\"https:\/\/connysdesign.de\/\",\"logo\":{\"@type\":\"ImageObject\",\"inLanguage\":\"de\",\"@id\":\"https:\/\/connysdesign.de\/#\/schema\/logo\/image\/\",\"url\":\"https:\/\/connysdesign.de\/wp-content\/uploads\/2017\/04\/customer_app.jpg\",\"contentUrl\":\"https:\/\/connysdesign.de\/wp-content\/uploads\/2017\/04\/customer_app.jpg\",\"width\":554,\"height\":554,\"caption\":\"Connys Webdesign\"},\"image\":{\"@id\":\"https:\/\/connysdesign.de\/#\/schema\/logo\/image\/\"},\"sameAs\":[\"https:\/\/www.facebook.com\/?ref=tn_tnmn\"]}]}<\/script>\n<!-- \/ Yoast SEO plugin. -->","yoast_head_json":{"title":"Impressum - Connys Webdesign","robots":{"index":"index","follow":"follow","max-snippet":"max-snippet:-1","max-image-preview":"max-image-preview:large","max-video-preview":"max-video-preview:-1"},"canonical":"https:\/\/connysdesign.de\/?page_id=49","og_locale":"de_DE","og_type":"article","og_title":"Impressum - Connys Webdesign","og_description":"C|R Cornelia Rinne SchreibB\u00fcro Brauereistra\u00dfe 3 D \u2013 67549 Worms Telefon 06241-27114 Mobiltelefon 0175-5641192 Telefax 06241-27174 Email&nbsp;mail@cornelia-rinne.de USt-Id-Nr: DE154424420 ab 01.01.2020 Kleinunternehmer gem. \u00a7 19 UStG B\u00fcrozeiten Di-Do 13-17h Termine nur nach Vereinbarung Paketzustellung bitte \u00fcber: Adler-Apotheke Worms Inh. Tassilo Strasser Neumarkt 1 D \u2013 67547 Worms Rechtliche Kurzhinweise Alles, was RECHT ist, befindet sich &hellip; \u201eImpressum\u201c weiterlesen","og_url":"https:\/\/connysdesign.de\/?page_id=49","og_site_name":"Connys Webdesign","article_publisher":"https:\/\/www.facebook.com\/?ref=tn_tnmn","article_modified_time":"2020-04-02T13:47:56+00:00","twitter_card":"summary_large_image","twitter_misc":{"Gesch\u00e4tzte Lesezeit":"2\u00a0Minuten"},"schema":{"@context":"https:\/\/schema.org","@graph":[{"@type":"WebPage","@id":"https:\/\/connysdesign.de\/?page_id=49","url":"https:\/\/connysdesign.de\/?page_id=49","name":"Impressum - Connys Webdesign","isPartOf":{"@id":"https:\/\/connysdesign.de\/#website"},"datePublished":"2017-04-24T15:25:15+00:00","dateModified":"2020-04-02T13:47:56+00:00","breadcrumb":{"@id":"https:\/\/connysdesign.de\/?page_id=49#breadcrumb"},"inLanguage":"de","potentialAction":[{"@type":"ReadAction","target":["https:\/\/connysdesign.de\/?page_id=49"]}]},{"@type":"BreadcrumbList","@id":"https:\/\/connysdesign.de\/?page_id=49#breadcrumb","itemListElement":[{"@type":"ListItem","position":1,"name":"Startseite","item":"https:\/\/connysdesign.de\/"},{"@type":"ListItem","position":2,"name":"Impressum"}]},{"@type":"WebSite","@id":"https:\/\/connysdesign.de\/#website","url":"https:\/\/connysdesign.de\/","name":"Connys Webdesign","description":"Homepage modern und schnell","publisher":{"@id":"https:\/\/connysdesign.de\/#organization"},"potentialAction":[{"@type":"SearchAction","target":{"@type":"EntryPoint","urlTemplate":"https:\/\/connysdesign.de\/?s={search_term_string}"},"query-input":{"@type":"PropertyValueSpecification","valueRequired":true,"valueName":"search_term_string"}}],"inLanguage":"de"},{"@type":"Organization","@id":"https:\/\/connysdesign.de\/#organization","name":"Connys Webdesign","url":"https:\/\/connysdesign.de\/","logo":{"@type":"ImageObject","inLanguage":"de","@id":"https:\/\/connysdesign.de\/#\/schema\/logo\/image\/","url":"https:\/\/connysdesign.de\/wp-content\/uploads\/2017\/04\/customer_app.jpg","contentUrl":"https:\/\/connysdesign.de\/wp-content\/uploads\/2017\/04\/customer_app.jpg","width":554,"height":554,"caption":"Connys Webdesign"},"image":{"@id":"https:\/\/connysdesign.de\/#\/schema\/logo\/image\/"},"sameAs":["https:\/\/www.facebook.com\/?ref=tn_tnmn"]}]}},"_links":{"self":[{"href":"https:\/\/connysdesign.de\/index.php?rest_route=\/wp\/v2\/pages\/49","targetHints":{"allow":["GET"]}}],"collection":[{"href":"https:\/\/connysdesign.de\/index.php?rest_route=\/wp\/v2\/pages"}],"about":[{"href":"https:\/\/connysdesign.de\/index.php?rest_route=\/wp\/v2\/types\/page"}],"author":[{"embeddable":true,"href":"https:\/\/connysdesign.de\/index.php?rest_route=\/wp\/v2\/users\/1"}],"replies":[{"embeddable":true,"href":"https:\/\/connysdesign.de\/index.php?rest_route=%2Fwp%2Fv2%2Fcomments&post=49"}],"version-history":[{"count":11,"href":"https:\/\/connysdesign.de\/index.php?rest_route=\/wp\/v2\/pages\/49\/revisions"}],"predecessor-version":[{"id":1075,"href":"https:\/\/connysdesign.de\/index.php?rest_route=\/wp\/v2\/pages\/49\/revisions\/1075"}],"wp:attachment":[{"href":"https:\/\/connysdesign.de\/index.php?rest_route=%2Fwp%2Fv2%2Fmedia&parent=49"}],"curies":[{"name":"wp","href":"https:\/\/api.w.org\/{rel}","templated":true}]}}