{"id":10,"date":"2018-05-25T13:33:02","date_gmt":"2018-05-25T11:33:02","guid":{"rendered":"https:\/\/connysdesign.de\/?page_id=10"},"modified":"2025-08-31T18:16:35","modified_gmt":"2025-08-31T16:16:35","slug":"leistungen","status":"publish","type":"page","link":"https:\/\/connysdesign.de\/?page_id=10","title":{"rendered":"Webdesign"},"content":{"rendered":"<div id=\"ed-779822107\" class=\"ed-element ed-text custom-theme\">\n<p>Eine individuell auf das Unternehmen abgestimmte Internetpr\u00e4senz zu realisierbaren Konditionen ist w\u00fcnschenswert.<\/p>\n<\/div>\n<p>Eine gr\u00f6\u00dfere Werbereichweite und Neukundengewinnung erfordern eine klare Marketingstrategie im Web.<\/p>\n<p>Eindeutig auf Produkte und die damit verbundene Dienstleistung zugeschnittene L\u00f6sungsans\u00e4tze f\u00fcr den Auftritt im Internet sind elementar f\u00fcr die Wettbewerbsf\u00e4higkeit.<\/p>\n<p><span data-huuid=\"16724348275677261289\">Die Corporate Identity (CI), also die Unternehmensidentit\u00e4t, steht f\u00fcr das Gesamtbild eines Unternehmens, das im Unternehmenskern aufgestellt und nach au\u00dfen vermittelt werden soll.<\/span><\/p>\n<p><span data-huuid=\"16724348275677258688\">Alle Elemente, die ein Unternehmen definieren und von anderen unterscheiden, sollen sich durch einheitliche und einpr\u00e4gsame Darstellungsformen einpr\u00e4gen.<\/span><\/p>\n<p><span data-huuid=\"16724348275677260183\">Eine unverwechselbare Unternehmenspers\u00f6nlichkeit, die von Kunden garantiert wiedererkannt und vom Mitarbeiter-TEAM selbstbewusst reflektiert werden kann, sollte ein Qualit\u00e4tsziel des Unternehmens sein.<\/span><\/p>\n<p>In einem Beratungsgespr\u00e4ch k\u00f6nnen gerne weitere Informationen abgefragt werden.<\/p>\n","protected":false},"excerpt":{"rendered":"<p>Eine individuell auf das Unternehmen abgestimmte Internetpr\u00e4senz zu realisierbaren Konditionen ist w\u00fcnschenswert. Eine gr\u00f6\u00dfere Werbereichweite und Neukundengewinnung erfordern eine klare Marketingstrategie im Web. Eindeutig auf Produkte und die damit verbundene Dienstleistung zugeschnittene L\u00f6sungsans\u00e4tze f\u00fcr den Auftritt im Internet sind elementar f\u00fcr die Wettbewerbsf\u00e4higkeit. Die Corporate Identity (CI), also die Unternehmensidentit\u00e4t, steht f\u00fcr das Gesamtbild eines &hellip; <\/p>\n<p class=\"link-more\"><a href=\"https:\/\/connysdesign.de\/?page_id=10\" class=\"more-link\"><span class=\"screen-reader-text\">\u201eWebdesign\u201c<\/span> weiterlesen<\/a><\/p>\n","protected":false},"author":1,"featured_media":94,"parent":0,"menu_order":0,"comment_status":"closed","ping_status":"closed","template":"","meta":{"footnotes":""},"class_list":["post-10","page","type-page","status-publish","has-post-thumbnail","hentry"],"yoast_head":"<!-- This site is optimized with the Yoast SEO plugin v27.0 - https:\/\/yoast.com\/product\/yoast-seo-wordpress\/ -->\n<title>Webdesign - Connys Webdesign<\/title>\n<meta name=\"robots\" content=\"index, follow, max-snippet:-1, max-image-preview:large, max-video-preview:-1\" \/>\n<link rel=\"canonical\" href=\"https:\/\/connysdesign.de\/?page_id=10\" \/>\n<meta property=\"og:locale\" content=\"de_DE\" \/>\n<meta property=\"og:type\" content=\"article\" \/>\n<meta property=\"og:title\" content=\"Webdesign - Connys Webdesign\" \/>\n<meta property=\"og:description\" content=\"Eine individuell auf das Unternehmen abgestimmte Internetpr\u00e4senz zu realisierbaren Konditionen ist w\u00fcnschenswert. Eine gr\u00f6\u00dfere Werbereichweite und Neukundengewinnung erfordern eine klare Marketingstrategie im Web. Eindeutig auf Produkte und die damit verbundene Dienstleistung zugeschnittene L\u00f6sungsans\u00e4tze f\u00fcr den Auftritt im Internet sind elementar f\u00fcr die Wettbewerbsf\u00e4higkeit. Die Corporate Identity (CI), also die Unternehmensidentit\u00e4t, steht f\u00fcr das Gesamtbild eines &hellip; \u201eWebdesign\u201c weiterlesen\" \/>\n<meta property=\"og:url\" content=\"https:\/\/connysdesign.de\/?page_id=10\" \/>\n<meta property=\"og:site_name\" content=\"Connys Webdesign\" \/>\n<meta property=\"article:publisher\" content=\"https:\/\/www.facebook.com\/?ref=tn_tnmn\" \/>\n<meta property=\"article:modified_time\" content=\"2025-08-31T16:16:35+00:00\" \/>\n<meta property=\"og:image\" content=\"https:\/\/connysdesign.de\/wp-content\/uploads\/2017\/04\/P4220740.jpg\" \/>\n\t<meta property=\"og:image:width\" content=\"2592\" \/>\n\t<meta property=\"og:image:height\" content=\"1944\" \/>\n\t<meta property=\"og:image:type\" content=\"image\/jpeg\" \/>\n<meta name=\"twitter:card\" content=\"summary_large_image\" \/>\n<meta name=\"twitter:label1\" content=\"Gesch\u00e4tzte Lesezeit\" \/>\n\t<meta name=\"twitter:data1\" content=\"1\u00a0Minute\" \/>\n<script type=\"application\/ld+json\" class=\"yoast-schema-graph\">{\"@context\":\"https:\/\/schema.org\",\"@graph\":[{\"@type\":\"WebPage\",\"@id\":\"https:\/\/connysdesign.de\/?page_id=10\",\"url\":\"https:\/\/connysdesign.de\/?page_id=10\",\"name\":\"Webdesign - Connys Webdesign\",\"isPartOf\":{\"@id\":\"https:\/\/connysdesign.de\/#website\"},\"primaryImageOfPage\":{\"@id\":\"https:\/\/connysdesign.de\/?page_id=10#primaryimage\"},\"image\":{\"@id\":\"https:\/\/connysdesign.de\/?page_id=10#primaryimage\"},\"thumbnailUrl\":\"https:\/\/connysdesign.de\/wp-content\/uploads\/2017\/04\/P4220740.jpg\",\"datePublished\":\"2018-05-25T11:33:02+00:00\",\"dateModified\":\"2025-08-31T16:16:35+00:00\",\"breadcrumb\":{\"@id\":\"https:\/\/connysdesign.de\/?page_id=10#breadcrumb\"},\"inLanguage\":\"de\",\"potentialAction\":[{\"@type\":\"ReadAction\",\"target\":[\"https:\/\/connysdesign.de\/?page_id=10\"]}]},{\"@type\":\"ImageObject\",\"inLanguage\":\"de\",\"@id\":\"https:\/\/connysdesign.de\/?page_id=10#primaryimage\",\"url\":\"https:\/\/connysdesign.de\/wp-content\/uploads\/2017\/04\/P4220740.jpg\",\"contentUrl\":\"https:\/\/connysdesign.de\/wp-content\/uploads\/2017\/04\/P4220740.jpg\",\"width\":2592,\"height\":1944,\"caption\":\"OLYMPUS DIGITAL CAMERA\"},{\"@type\":\"BreadcrumbList\",\"@id\":\"https:\/\/connysdesign.de\/?page_id=10#breadcrumb\",\"itemListElement\":[{\"@type\":\"ListItem\",\"position\":1,\"name\":\"Startseite\",\"item\":\"https:\/\/connysdesign.de\/\"},{\"@type\":\"ListItem\",\"position\":2,\"name\":\"Webdesign\"}]},{\"@type\":\"WebSite\",\"@id\":\"https:\/\/connysdesign.de\/#website\",\"url\":\"https:\/\/connysdesign.de\/\",\"name\":\"Connys Webdesign\",\"description\":\"Homepage modern und schnell\",\"publisher\":{\"@id\":\"https:\/\/connysdesign.de\/#organization\"},\"potentialAction\":[{\"@type\":\"SearchAction\",\"target\":{\"@type\":\"EntryPoint\",\"urlTemplate\":\"https:\/\/connysdesign.de\/?s={search_term_string}\"},\"query-input\":{\"@type\":\"PropertyValueSpecification\",\"valueRequired\":true,\"valueName\":\"search_term_string\"}}],\"inLanguage\":\"de\"},{\"@type\":\"Organization\",\"@id\":\"https:\/\/connysdesign.de\/#organization\",\"name\":\"Connys Webdesign\",\"url\":\"https:\/\/connysdesign.de\/\",\"logo\":{\"@type\":\"ImageObject\",\"inLanguage\":\"de\",\"@id\":\"https:\/\/connysdesign.de\/#\/schema\/logo\/image\/\",\"url\":\"https:\/\/connysdesign.de\/wp-content\/uploads\/2017\/04\/customer_app.jpg\",\"contentUrl\":\"https:\/\/connysdesign.de\/wp-content\/uploads\/2017\/04\/customer_app.jpg\",\"width\":554,\"height\":554,\"caption\":\"Connys Webdesign\"},\"image\":{\"@id\":\"https:\/\/connysdesign.de\/#\/schema\/logo\/image\/\"},\"sameAs\":[\"https:\/\/www.facebook.com\/?ref=tn_tnmn\"]}]}<\/script>\n<!-- \/ Yoast SEO plugin. -->","yoast_head_json":{"title":"Webdesign - Connys Webdesign","robots":{"index":"index","follow":"follow","max-snippet":"max-snippet:-1","max-image-preview":"max-image-preview:large","max-video-preview":"max-video-preview:-1"},"canonical":"https:\/\/connysdesign.de\/?page_id=10","og_locale":"de_DE","og_type":"article","og_title":"Webdesign - Connys Webdesign","og_description":"Eine individuell auf das Unternehmen abgestimmte Internetpr\u00e4senz zu realisierbaren Konditionen ist w\u00fcnschenswert. Eine gr\u00f6\u00dfere Werbereichweite und Neukundengewinnung erfordern eine klare Marketingstrategie im Web. Eindeutig auf Produkte und die damit verbundene Dienstleistung zugeschnittene L\u00f6sungsans\u00e4tze f\u00fcr den Auftritt im Internet sind elementar f\u00fcr die Wettbewerbsf\u00e4higkeit. Die Corporate Identity (CI), also die Unternehmensidentit\u00e4t, steht f\u00fcr das Gesamtbild eines &hellip; \u201eWebdesign\u201c weiterlesen","og_url":"https:\/\/connysdesign.de\/?page_id=10","og_site_name":"Connys Webdesign","article_publisher":"https:\/\/www.facebook.com\/?ref=tn_tnmn","article_modified_time":"2025-08-31T16:16:35+00:00","og_image":[{"width":2592,"height":1944,"url":"https:\/\/connysdesign.de\/wp-content\/uploads\/2017\/04\/P4220740.jpg","type":"image\/jpeg"}],"twitter_card":"summary_large_image","twitter_misc":{"Gesch\u00e4tzte Lesezeit":"1\u00a0Minute"},"schema":{"@context":"https:\/\/schema.org","@graph":[{"@type":"WebPage","@id":"https:\/\/connysdesign.de\/?page_id=10","url":"https:\/\/connysdesign.de\/?page_id=10","name":"Webdesign - Connys Webdesign","isPartOf":{"@id":"https:\/\/connysdesign.de\/#website"},"primaryImageOfPage":{"@id":"https:\/\/connysdesign.de\/?page_id=10#primaryimage"},"image":{"@id":"https:\/\/connysdesign.de\/?page_id=10#primaryimage"},"thumbnailUrl":"https:\/\/connysdesign.de\/wp-content\/uploads\/2017\/04\/P4220740.jpg","datePublished":"2018-05-25T11:33:02+00:00","dateModified":"2025-08-31T16:16:35+00:00","breadcrumb":{"@id":"https:\/\/connysdesign.de\/?page_id=10#breadcrumb"},"inLanguage":"de","potentialAction":[{"@type":"ReadAction","target":["https:\/\/connysdesign.de\/?page_id=10"]}]},{"@type":"ImageObject","inLanguage":"de","@id":"https:\/\/connysdesign.de\/?page_id=10#primaryimage","url":"https:\/\/connysdesign.de\/wp-content\/uploads\/2017\/04\/P4220740.jpg","contentUrl":"https:\/\/connysdesign.de\/wp-content\/uploads\/2017\/04\/P4220740.jpg","width":2592,"height":1944,"caption":"OLYMPUS DIGITAL CAMERA"},{"@type":"BreadcrumbList","@id":"https:\/\/connysdesign.de\/?page_id=10#breadcrumb","itemListElement":[{"@type":"ListItem","position":1,"name":"Startseite","item":"https:\/\/connysdesign.de\/"},{"@type":"ListItem","position":2,"name":"Webdesign"}]},{"@type":"WebSite","@id":"https:\/\/connysdesign.de\/#website","url":"https:\/\/connysdesign.de\/","name":"Connys Webdesign","description":"Homepage modern und schnell","publisher":{"@id":"https:\/\/connysdesign.de\/#organization"},"potentialAction":[{"@type":"SearchAction","target":{"@type":"EntryPoint","urlTemplate":"https:\/\/connysdesign.de\/?s={search_term_string}"},"query-input":{"@type":"PropertyValueSpecification","valueRequired":true,"valueName":"search_term_string"}}],"inLanguage":"de"},{"@type":"Organization","@id":"https:\/\/connysdesign.de\/#organization","name":"Connys Webdesign","url":"https:\/\/connysdesign.de\/","logo":{"@type":"ImageObject","inLanguage":"de","@id":"https:\/\/connysdesign.de\/#\/schema\/logo\/image\/","url":"https:\/\/connysdesign.de\/wp-content\/uploads\/2017\/04\/customer_app.jpg","contentUrl":"https:\/\/connysdesign.de\/wp-content\/uploads\/2017\/04\/customer_app.jpg","width":554,"height":554,"caption":"Connys Webdesign"},"image":{"@id":"https:\/\/connysdesign.de\/#\/schema\/logo\/image\/"},"sameAs":["https:\/\/www.facebook.com\/?ref=tn_tnmn"]}]}},"_links":{"self":[{"href":"https:\/\/connysdesign.de\/index.php?rest_route=\/wp\/v2\/pages\/10","targetHints":{"allow":["GET"]}}],"collection":[{"href":"https:\/\/connysdesign.de\/index.php?rest_route=\/wp\/v2\/pages"}],"about":[{"href":"https:\/\/connysdesign.de\/index.php?rest_route=\/wp\/v2\/types\/page"}],"author":[{"embeddable":true,"href":"https:\/\/connysdesign.de\/index.php?rest_route=\/wp\/v2\/users\/1"}],"replies":[{"embeddable":true,"href":"https:\/\/connysdesign.de\/index.php?rest_route=%2Fwp%2Fv2%2Fcomments&post=10"}],"version-history":[{"count":12,"href":"https:\/\/connysdesign.de\/index.php?rest_route=\/wp\/v2\/pages\/10\/revisions"}],"predecessor-version":[{"id":1589,"href":"https:\/\/connysdesign.de\/index.php?rest_route=\/wp\/v2\/pages\/10\/revisions\/1589"}],"wp:featuredmedia":[{"embeddable":true,"href":"https:\/\/connysdesign.de\/index.php?rest_route=\/wp\/v2\/media\/94"}],"wp:attachment":[{"href":"https:\/\/connysdesign.de\/index.php?rest_route=%2Fwp%2Fv2%2Fmedia&parent=10"}],"curies":[{"name":"wp","href":"https:\/\/api.w.org\/{rel}","templated":true}]}}